{"id":18700,"date":"2023-08-22T10:00:07","date_gmt":"2023-08-22T15:00:07","guid":{"rendered":"https:\/\/postresdianacarrion.com\/cocinaconmigo\/?post_type=product&#038;p=18700"},"modified":"2023-09-07T17:36:17","modified_gmt":"2023-09-07T22:36:17","slug":"e-book-cocina-corazon","status":"publish","type":"product","link":"https:\/\/postresdianacarrion.com\/cocinaconmigo\/producto\/e-book-cocina-corazon\/","title":{"rendered":"E-book Cocina Coraz\u00f3n"},"content":{"rendered":"<p>Descarga Instant\u00e1nea<\/p>\n<p>E-Book por Postres Diana Carri\u00f3n<\/p>\n<p>30 Recetas de Postres deliciosos.<\/p>\n<p>\u2013 Galletas y Barras<br \/>\n\u2013 Tortas y Cakes<br \/>\n\u2013 Cheesecakes y Pies<br \/>\n\u2013 Postres para Cenas<br \/>\n\u2013 Postres para Desayuno<br \/>\n\u2013 Salsas y Rellenos<\/p>\n","protected":false},"excerpt":{"rendered":"<p>Cocina Coraz\u00f3n es la recopilaci\u00f3n de muchas de mis recetas favoritas, de esas que tienen un significado m\u00e1s all\u00e1 de un postre delicioso. Muchas de ellas est\u00e1n llenas de recuerdos que nos alimentan el alma y nos hacen revivir momentos felices.<\/p>\n<p>Espero que disfruten mucho el libro, y lo hagan parte de sus hogares y sus vidas<\/p>\n<p>Descarga instant\u00e1nea v\u00eda correo electr\u00f3nico. Guardar el e-book despu\u00e9s de descargarlo.<\/p>\n","protected":false},"featured_media":18702,"comment_status":"closed","ping_status":"closed","template":"","meta":[],"product_brand":[],"product_cat":[136],"product_tag":[],"class_list":{"0":"post-18700","1":"product","2":"type-product","3":"status-publish","4":"has-post-thumbnail","6":"product_cat-e-books","8":"first","9":"instock","10":"downloadable","11":"taxable","12":"shipping-taxable","13":"purchasable","14":"product-type-simple"},"jetpack-related-posts":[],"jetpack_sharing_enabled":true,"_links":{"self":[{"href":"https:\/\/postresdianacarrion.com\/cocinaconmigo\/wp-json\/wp\/v2\/product\/18700","targetHints":{"allow":["GET"]}}],"collection":[{"href":"https:\/\/postresdianacarrion.com\/cocinaconmigo\/wp-json\/wp\/v2\/product"}],"about":[{"href":"https:\/\/postresdianacarrion.com\/cocinaconmigo\/wp-json\/wp\/v2\/types\/product"}],"replies":[{"embeddable":true,"href":"https:\/\/postresdianacarrion.com\/cocinaconmigo\/wp-json\/wp\/v2\/comments?post=18700"}],"version-history":[{"count":3,"href":"https:\/\/postresdianacarrion.com\/cocinaconmigo\/wp-json\/wp\/v2\/product\/18700\/revisions"}],"predecessor-version":[{"id":18711,"href":"https:\/\/postresdianacarrion.com\/cocinaconmigo\/wp-json\/wp\/v2\/product\/18700\/revisions\/18711"}],"wp:featuredmedia":[{"embeddable":true,"href":"https:\/\/postresdianacarrion.com\/cocinaconmigo\/wp-json\/wp\/v2\/media\/18702"}],"wp:attachment":[{"href":"https:\/\/postresdianacarrion.com\/cocinaconmigo\/wp-json\/wp\/v2\/media?parent=18700"}],"wp:term":[{"taxonomy":"product_brand","embeddable":true,"href":"https:\/\/postresdianacarrion.com\/cocinaconmigo\/wp-json\/wp\/v2\/product_brand?post=18700"},{"taxonomy":"product_cat","embeddable":true,"href":"https:\/\/postresdianacarrion.com\/cocinaconmigo\/wp-json\/wp\/v2\/product_cat?post=18700"},{"taxonomy":"product_tag","embeddable":true,"href":"https:\/\/postresdianacarrion.com\/cocinaconmigo\/wp-json\/wp\/v2\/product_tag?post=18700"}],"curies":[{"name":"wp","href":"https:\/\/api.w.org\/{rel}","templated":true}]}}